[INFO] fetching crate web3-async-native-tls 0.4.0...
[INFO] checking web3-async-native-tls-0.4.0 against master#9610dfe5a9a731ced1ea4923ecbd0c57fe367898 for beta-170-4
[INFO] extracting crate web3-async-native-tls 0.4.0 into /workspace/builds/worker-7-tc1/source
[INFO] validating manifest of crates.io crate web3-async-native-tls 0.4.0 on toolchain 9610dfe5a9a731ced1ea4923ecbd0c57fe367898
[INFO] running `Command { std: CARGO_HOME="/workspace/cargo-home" RUSTUP_HOME="/workspace/rustup-home" "/workspace/cargo-home/bin/cargo" "+9610dfe5a9a731ced1ea4923ecbd0c57fe367898" "metadata" "--manifest-path" "Cargo.toml" "--no-deps", kill_on_drop: false }`
[INFO] started tweaking crates.io crate web3-async-native-tls 0.4.0
[INFO] removed 0 missing tests
[INFO] finished tweaking crates.io crate web3-async-native-tls 0.4.0
[INFO] tweaked toml for crates.io crate web3-async-native-tls 0.4.0 written to /workspace/builds/worker-7-tc1/source/Cargo.toml
[INFO] running `Command { std: CARGO_HOME="/workspace/cargo-home" RUSTUP_HOME="/workspace/rustup-home" __CARGO_TEST_CHANNEL_OVERRIDE_DO_NOT_USE_THIS="nightly" "/workspace/cargo-home/bin/cargo" "+9610dfe5a9a731ced1ea4923ecbd0c57fe367898" "generate-lockfile" "--manifest-path" "Cargo.toml" "-Zno-index-update", kill_on_drop: false }`
[INFO] running `Command { std: CARGO_HOME="/workspace/cargo-home" RUSTUP_HOME="/workspace/rustup-home" "/workspace/cargo-home/bin/cargo" "+9610dfe5a9a731ced1ea4923ecbd0c57fe367898" "fetch" "--manifest-path" "Cargo.toml", kill_on_drop: false }`
[INFO] [stderr]  Downloading crates ...
[INFO] [stderr]   Downloaded openssl-src v111.26.0+1.1.1u
[INFO] running `Command { std: "docker" "create" "-v" "/var/lib/crater-agent-workspace/builds/worker-7-tc1/target:/opt/rustwide/target:rw,Z" "-v" "/var/lib/crater-agent-workspace/builds/worker-7-tc1/source:/opt/rustwide/workdir:ro,Z" "-v" "/var/lib/crater-agent-workspace/cargo-home:/opt/rustwide/cargo-home:ro,Z" "-v" "/var/lib/crater-agent-workspace/rustup-home:/opt/rustwide/rustup-home:ro,Z" "-e" "SOURCE_DIR=/opt/rustwide/workdir" "-e" "CARGO_TARGET_DIR=/opt/rustwide/target" "-e" "CARGO_HOME=/opt/rustwide/cargo-home" "-e" "RUSTUP_HOME=/opt/rustwide/rustup-home" "-w" "/opt/rustwide/workdir" "-m" "1610612736" "--user" "0:0" "--network" "none" "ghcr.io/rust-lang/crates-build-env/linux@sha256:19e73879b68f455e41552ea35293514db52ea292d993f571636dbffedb77a1ee" "/opt/rustwide/cargo-home/bin/cargo" "+9610dfe5a9a731ced1ea4923ecbd0c57fe367898" "metadata" "--no-deps" "--format-version=1", kill_on_drop: false }`
[INFO] [stdout] 9217adf9d654542d4d97b99c3f8737278be2f396f9c4278645a817fa805aa389
[INFO] running `Command { std: "docker" "start" "-a" "9217adf9d654542d4d97b99c3f8737278be2f396f9c4278645a817fa805aa389", kill_on_drop: false }`
[INFO] running `Command { std: "docker" "inspect" "9217adf9d654542d4d97b99c3f8737278be2f396f9c4278645a817fa805aa389", kill_on_drop: false }`
[INFO] running `Command { std: "docker" "rm" "-f" "9217adf9d654542d4d97b99c3f8737278be2f396f9c4278645a817fa805aa389", kill_on_drop: false }`
[INFO] [stdout] 9217adf9d654542d4d97b99c3f8737278be2f396f9c4278645a817fa805aa389
[INFO] running `Command { std: "docker" "create" "-v" "/var/lib/crater-agent-workspace/builds/worker-7-tc1/target:/opt/rustwide/target:rw,Z" "-v" "/var/lib/crater-agent-workspace/builds/worker-7-tc1/source:/opt/rustwide/workdir:ro,Z" "-v" "/var/lib/crater-agent-workspace/cargo-home:/opt/rustwide/cargo-home:ro,Z" "-v" "/var/lib/crater-agent-workspace/rustup-home:/opt/rustwide/rustup-home:ro,Z" "-e" "SOURCE_DIR=/opt/rustwide/workdir" "-e" "CARGO_TARGET_DIR=/opt/rustwide/target" "-e" "CARGO_INCREMENTAL=0" "-e" "RUST_BACKTRACE=full" "-e" "RUSTFLAGS=--cap-lints=forbid" "-e" "RUSTDOCFLAGS=--cap-lints=forbid" "-e" "CARGO_HOME=/opt/rustwide/cargo-home" "-e" "RUSTUP_HOME=/opt/rustwide/rustup-home" "-w" "/opt/rustwide/workdir" "-m" "1610612736" "--user" "0:0" "--network" "none" "ghcr.io/rust-lang/crates-build-env/linux@sha256:19e73879b68f455e41552ea35293514db52ea292d993f571636dbffedb77a1ee" "/opt/rustwide/cargo-home/bin/cargo" "+9610dfe5a9a731ced1ea4923ecbd0c57fe367898" "check" "--frozen" "--all" "--all-targets" "--message-format=json", kill_on_drop: false }`
[INFO] [stdout] 49f90bee00f51b16fa001235ba6a057e51ff70a97671151c27e488af30bc7eb6
[INFO] running `Command { std: "docker" "start" "-a" "49f90bee00f51b16fa001235ba6a057e51ff70a97671151c27e488af30bc7eb6", kill_on_drop: false }`
[INFO] [stderr]    Compiling log v0.4.18
[INFO] [stderr]     Checking value-bag v1.4.0
[INFO] [stderr]     Checking futures-io v0.3.28
[INFO] [stderr]    Compiling crossbeam-utils v0.8.15
[INFO] [stderr]    Compiling syn v2.0.18
[INFO] [stderr]     Checking event-listener v2.5.3
[INFO] [stderr]     Checking waker-fn v1.1.0
[INFO] [stderr]    Compiling futures-task v0.3.28
[INFO] [stderr]    Compiling futures-channel v0.3.28
[INFO] [stderr]     Checking parking v2.1.0
[INFO] [stderr]     Checking async-lock v2.7.0
[INFO] [stderr]     Checking futures-lite v1.13.0
[INFO] [stderr]    Compiling io-lifetimes v1.0.11
[INFO] [stderr]    Compiling polling v2.8.0
[INFO] [stderr]     Checking futures-sink v0.3.28
[INFO] [stderr]    Compiling futures-util v0.3.28
[INFO] [stderr]    Compiling rustix v0.37.19
[INFO] [stderr]     Checking socket2 v0.4.9
[INFO] [stderr]    Compiling lock_api v0.4.9
[INFO] [stderr]    Compiling async-io v1.13.0
[INFO] [stderr]    Compiling syn v1.0.109
[INFO] [stderr]    Compiling parking_lot_core v0.9.7
[INFO] [stderr]     Checking concurrent-queue v2.2.0
[INFO] [stderr]     Checking async-task v4.4.0
[INFO] [stderr]     Checking async-channel v1.8.0
[INFO] [stderr]     Checking openssl-sys v0.9.88
[INFO] [stderr]    Compiling thiserror v1.0.40
[INFO] [stderr]     Checking atomic-waker v1.1.1
[INFO] [stderr]     Checking smallvec v1.10.0
[INFO] [stderr]     Checking async-executor v1.5.1
[INFO] [stderr]     Checking blocking v1.3.1
[INFO] [stderr]    Compiling tokio v1.28.2
[INFO] [stderr]     Checking quick-error v1.2.3
[INFO] [stderr]     Checking humantime v1.3.0
[INFO] [stderr]     Checking kv-log-macro v1.0.7
[INFO] [stderr]     Checking num_cpus v1.15.0
[INFO] [stderr]     Checking parking_lot v0.12.1
[INFO] [stderr]     Checking signal-hook-registry v1.4.1
[INFO] [stderr]     Checking mio v0.8.8
[INFO] [stderr]     Checking env_logger v0.7.1
[INFO] [stderr]     Checking async-global-executor v2.3.1
[INFO] [stderr]    Compiling futures-macro v0.3.28
[INFO] [stderr]    Compiling openssl-macros v0.1.1
[INFO] [stderr]    Compiling thiserror-impl v1.0.40
[INFO] [stderr]    Compiling tokio-macros v2.1.0
[INFO] [stderr]     Checking openssl v0.10.53
[INFO] [stderr]    Compiling async-attributes v1.1.2
[INFO] [stderr]     Checking async-std v1.12.0
[INFO] [stderr]     Checking native-tls v0.2.11
[INFO] [stderr]     Checking futures-executor v0.3.28
[INFO] [stderr]     Checking web3-async-native-tls v0.4.0 (/opt/rustwide/workdir)
[INFO] [stderr]     Checking futures v0.3.28
[INFO] [stdout] error[E0432]: unresolved import `async_native_tls`
[INFO] [stdout]  --> tests/bad.rs:6:5
[INFO] [stdout]   |
[INFO] [stdout] 6 | use async_native_tls::TlsConnector;
[INFO] [stdout]   |     ^^^^^^^^^^^^^^^^ use of undeclared crate or module `async_native_tls`
[INFO] [stdout]   |
[INFO] [stdout] help: there is a crate or module with a similar name
[INFO] [stdout]   |
[INFO] [stdout] 6 | use web3_async_native_tls::TlsConnector;
[INFO] [stdout]   |     ~~~~~~~~~~~~~~~~~~~~~
[INFO] [stdout] 
[INFO] [stdout] 
[INFO] [stdout] error[E0432]: unresolved import `async_native_tls`
[INFO] [stdout]    --> tests/smoke.rs:137:13
[INFO] [stdout]     |
[INFO] [stdout] 137 |         use async_native_tls::TlsConnector;
[INFO] [stdout]     |             ^^^^^^^^^^^^^^^^ use of undeclared crate or module `async_native_tls`
[INFO] [stdout]     |
[INFO] [stdout] help: there is a crate or module with a similar name
[INFO] [stdout]     |
[INFO] [stdout] 137 |         use web3_async_native_tls::TlsConnector;
[INFO] [stdout]     |             ~~~~~~~~~~~~~~~~~~~~~
[INFO] [stdout] 
[INFO] [stdout] 
[INFO] [stdout] error[E0432]: unresolved import `async_native_tls`
[INFO] [stdout]  --> tests/google.rs:5:5
[INFO] [stdout]   |
[INFO] [stdout] 5 | use async_native_tls;
[INFO] [stdout]   |     ^^^^^^^^^^^^^^^^ no external crate `async_native_tls`
[INFO] [stdout] 
[INFO] [stdout] 
[INFO] [stdout] error: aborting due to previous error
[INFO] [stdout] 
[INFO] [stdout] 
[INFO] [stdout] For more information about this error, try `rustc --explain E0432`.
[INFO] [stdout] 
[INFO] [stderr] error: could not compile `web3-async-native-tls` (test "bad") due to 2 previous errors
[INFO] [stderr] warning: build failed, waiting for other jobs to finish...
[INFO] [stdout] warning: unused import: `async_std::prelude`
[INFO] [stdout]  --> tests/google.rs:7:5
[INFO] [stdout]   |
[INFO] [stdout] 7 | use async_std::prelude::*;
[INFO] [stdout]   |     ^^^^^^^^^^^^^^^^^^
[INFO] [stdout]   |
[INFO] [stdout]   = note: `#[warn(unused_imports)]` on by default
[INFO] [stdout] 
[INFO] [stdout] 
[INFO] [stdout] error: aborting due to previous error; 1 warning emitted
[INFO] [stdout] 
[INFO] [stdout] 
[INFO] [stdout] For more information about this error, try `rustc --explain E0432`.
[INFO] [stdout] 
[INFO] [stderr] error: could not compile `web3-async-native-tls` (test "google") due to 2 previous errors; 1 warning emitted
[INFO] [stdout] error[E0433]: failed to resolve: use of undeclared crate or module `async_native_tls`
[INFO] [stdout]    --> tests/smoke.rs:139:27
[INFO] [stdout]     |
[INFO] [stdout] 139 |         fn contexts() -> (async_native_tls::TlsAcceptor, async_native_tls::TlsConnector) {
[INFO] [stdout]     |                           ^^^^^^^^^^^^^^^^ use of undeclared crate or module `async_native_tls`
[INFO] [stdout]     |
[INFO] [stdout] help: there is a crate or module with a similar name
[INFO] [stdout]     |
[INFO] [stdout] 139 |         fn contexts() -> (web3_async_native_tls::TlsAcceptor, async_native_tls::TlsConnector) {
[INFO] [stdout]     |                           ~~~~~~~~~~~~~~~~~~~~~
[INFO] [stdout] 
[INFO] [stdout] 
[INFO] [stdout] error[E0433]: failed to resolve: use of undeclared crate or module `async_native_tls`
[INFO] [stdout]    --> tests/smoke.rs:139:58
[INFO] [stdout]     |
[INFO] [stdout] 139 |         fn contexts() -> (async_native_tls::TlsAcceptor, async_native_tls::TlsConnector) {
[INFO] [stdout]     |                                                          ^^^^^^^^^^^^^^^^ use of undeclared crate or module `async_native_tls`
[INFO] [stdout]     |
[INFO] [stdout] help: there is a crate or module with a similar name
[INFO] [stdout]     |
[INFO] [stdout] 139 |         fn contexts() -> (async_native_tls::TlsAcceptor, web3_async_native_tls::TlsConnector) {
[INFO] [stdout]     |                                                          ~~~~~~~~~~~~~~~~~~~~~
[INFO] [stdout] 
[INFO] [stdout] 
[INFO] [stdout] error: aborting due to 3 previous errors
[INFO] [stdout] 
[INFO] [stdout] 
[INFO] [stdout] Some errors have detailed explanations: E0432, E0433.
[INFO] [stdout] 
[INFO] [stdout] For more information about an error, try `rustc --explain E0432`.
[INFO] [stdout] 
[INFO] [stderr] error: could not compile `web3-async-native-tls` (test "smoke") due to 4 previous errors
[INFO] running `Command { std: "docker" "inspect" "49f90bee00f51b16fa001235ba6a057e51ff70a97671151c27e488af30bc7eb6", kill_on_drop: false }`
[INFO] running `Command { std: "docker" "rm" "-f" "49f90bee00f51b16fa001235ba6a057e51ff70a97671151c27e488af30bc7eb6", kill_on_drop: false }`
[INFO] [stdout] 49f90bee00f51b16fa001235ba6a057e51ff70a97671151c27e488af30bc7eb6
